-13) + 25 - (-2 + -3 + 92).
-76
Calculate -42 + (27 - 6) + (19 - -112).
110
What is (-189 - -187) + -36 + (19 - (2 + -5))?
-16
-37 - ((16 - -5) + -134 + 130)
-54
Calculate 6 - (-10 + 1 + 36 + -80 + 51).
8
What is the value of -44700 + 44688 + (0 - (-7 + -1 + -1))?
-3
Calculate -48 + 52 + 5 + 4 + -30 + 9.
-8
Calculate -10 + (-9 - -4) + 138 + (71 - 66).
128
What is 6 - (20 + 30 - 37) - 34?
-41
What is the value of (-12 - 11 - -53 - 26) + -1 + 10 + 1?
14
What is (-12 - (-115 + -6)) + 6 + -4 + -6 + -2?
103
Evaluate (29 - 20) + -1 + -11 + -7 + -28.
-38
Calculate 14 - 0 - (15 + 36 + -40) - 11.
-8
Calculate -53 + (-52 - (-101 + -49)).
45
Evaluate -143 + 88 - 16 - -58.
-13
Evaluate -15 + -80 + 45 - (-1 + -7).
-42
-15 - -28 - (-17 - -20)
10
(1 - 2) + 2560 + -2553
6
Evaluate 35 + (-20 - 11) + 7 - -22.
33
Evaluate -12 + 1 + (118 + (3 - 5) - (-79 + 74)).
110
What is the value of 6 + -3 + (-83 - 0) + (129 - (-27 + 165))?
-89
Calculate -155 + 99 + (25 - -18 - 8).
-21
Calculate -5 - -2 - -26 - (-85 - (-208 + 42)).
-58
What is the value of -4 + 2 - 7 - -10 - (38 - (-7 + 3))?
-41
What is 30 + (-1 - -1 - (-81 - -68))?
43
What is (2 - ((1 - -5) + 4)) + (-3 + -5 - -8)?
-8
88 + 6 - 104 - (0 - -6 - (-3 - 0))
-19
Calculate (110 + -23 - (1 - -1)) + -19 - -15.
81
What is the value of -32 - (-31 + 36 + -17) - (1 + 97)?
-118
What is the value of -3 + (5 - (-5 - -2)) - (696 + -723)?
32
What is the value of (-7 - 88) + -25 + 139?
19
What is the value of -7 + 9 + 5 + 122 - (-23 - (-15 + -19))?
118
Calculate (25 - (-25 - 7)) + 18 + 2.
77
What is the value of (8 - (-3 + 3)) + (-71 - -56) + -5 - 5?
-17
Calculate (27 - 5 - (-4 + 9)) + (-45 - -40).
12
What is the value of -10 + (9 - -8) + 13 + -75 + 28?
-27
Evaluate -65 - (-20 - ((1 - 8 - (1 - 1)) + -3)).
-55
Calculate -15 + (6 - (30 - 13)) + 7.
-19
Evaluate (-30 - (-8 - (16 + -38))) + -5.
-49
-31 - (5 - (6 + 16 + 0 + -4 + -4))
-22
Calculate 15 + -26 + -43 + 6.
-48
What is the value of (-9 - 19) + -29 - -10?
-47
Calculate 78 + -6 + 504 + -558.
18
Calculate 84 - (-48 - (-168 - -117)).
81
What is the value of (-733 - -699) + -17 + 43?
-8
What is (17 - -2) + (-16 - -4) - (-4 - 13)?
24
(31 - (35 + 22)) + 46
20
What is the value of -1 + (-4 + 8 - 6 - -3) - (579 + -543)?
-36
-577 + 609 - (4 - (4 - -80))
112
What is the value of 6 + -23 - (25 + -5 - 16 - 8)?
-13
What is 18 + (-94 - -80) - -61?
65
Evaluate 8 - -8 - (6 + 19) - (-24 - -4) - 24.
-13
100 + -117 + -93 - -96
-14
-11 - (8 + (-8 - 7) + 23 + -104)
77
Calculate 7 + (14 - 32 - -2) - (-1 - 1).
-7
Evaluate -28 - (-63 - -18 - (8 + -43)).
-18
Evaluate (-9 - (50 + -37)) + (-2 - -1).
-23
65 + -26 + 121 + -222
-62
(74 - 82) + 26 + -41
-23
What is the value of -3 - (-8 - -52) - (-7 + 5)?
-45
Calculate -62 - (-17 + (26 - 26)).
-45
Evaluate 27 + -22 + -35 + -39 + -4.
-73
Calculate (-177 - -239) + (0 - -18) + -3 + (14 - 1).
90
What is (1 - -6) + (-9 - (-12 - (-1 + 17))) + -12?
14
What is the value of (7 - (31 - 18)) + -4 + 0?
-10
Evaluate (5 + 27 + -37 - -8) + 95.
98
What is -4 + -12 + 21 + -18 + 1?
-12
What is the value of -6 + (-123 + 141 - (-3 + 2))?
13
Calculate -13 + (8 - (-10 + (6 - (40 - 8)))).
31
What is the value of -78 - (-240 + 90 + 67)?
5
84 + (-42 - 57) - 71
-86
15 + -1 + 8252 + -8317
-51
What is -68 - -127 - 47 - (0 + -50)?
62
What is the value of 32 + -18 + (10 - 68)?
-44
Calculate -54 + (12 - -42) + 1.
1
What is the value of 1 + 0 + 133 + (34 - (59 + (36 - 56)))?
129
Calculate (26 + -6 - 16) + 25 + 6.
35
Calculate (-2 - 49) + (31 - 30).
-50
Calculate -10 + -6 + (-391 - -408).
1
What is the value of 53 + (-27 - 75) + 11 + -1?
-39
Evaluate -80 - (-32 + -38) - (35 + (3 - 6)).
-42
Evaluate -248 + 242 + (36 - (1 + -2)).
31
65 + -59 + -92 + 31
-55
Evaluate 10 - (-1 - 0) - (-60 - (-143 + 65)).
-7
What is the value of 0 + -2 + 3 + -8 + (-5 - 1 - -136)?
123
Evaluate -79 - (22 - -7 - (5 - -11)).
-92
Calculate (-2 - -22) + (293 - 301) - (-67 - 7).
86
79 + (37 + -21 - 20) + 23
98
Evaluate -3 - (-21 - -33) - -102 - -15.
102
Evaluate -39 + -54 - -81 - (-7 + -1).
-4
-44 - (22 + -6 - -17 - 175)
98
What is the value of (-19 - (-11 + -7)) + -42?
-43
12 + 0 + 22 + -11 - -26
49
Evaluate -19 - (28 + -16) - (5 + -9).
-27
What is -15 + (-19 - (6 - -4)) + 18?
-26
What is the value of -101 - -103 - (-4 + (11 - 3) + 87)?
-89
What is 6 + (5 + -19 - -16) + (25 - 5)?
28
What is (43 - 36 - -6 - 27) + 0 + 58?
44
Evaluate 158 - (-17 - (-24 + -116)).
35
Calculate 14 + (1 - 5) + (-65 - -51) + -67.
-71
What is 49 - (8 - 45 - -43 - -13)?
30
What is 132 - (52 + (-140 - -136))?
84
116 - (233 - 106) - -67
56
What is the value of 12 - (-5 + 12 + 15 + -32)?
22
Calculate -4 + 22 - ((-68 - -6) + 92).
-12
Calculate -8 + (-13 + 15 + -3 - (-1 + -81)).
73
Calculate (26 - 94) + (-9 - (-10 + (-1 - 4) + 8)).
-70
53 + -78 + (52 - 41)
-14
Evaluate (0 - (-13 - -2)) + -1225 + 1258.
44
(4 - 13) + (2 - ((25 - 16) + 4 + -1))
-19
What is the value of 32 + (-329 - -78 - -105)?
-114
Evaluate -23 - (16 + -20 + 25 - 16).
-28
-3 - (132 - 126 - (1 - 7)) - 6
-21
Evaluate 34 + 8 + (-30 - -10) + 8.
30
Calculate -24 + (15 + 21 - 9).
3
41 + (-33 - -16 - -35)
59
What is 91 + -94 - -17 - (0 - -23)?
-9
Evaluate 21 - 87 - (-3 - (8 - 34)).
-89
Calculate 0 - 17 - (81 + -42 - 41).
-15
Calculate -31 + -10 + 78 + -23 - 16.
-2
-57 - (-13 + (4 - -10) + -10 + 5)
-53
Evaluate -114 - (15 - (40 - -12)).
-77
Calculate 19 - ((60 - -20) + 18) - 36.
-115
Evaluate -81 - (3 + -13 + 11 + -8 + 3 + -4).
-73
What is -13 - (20 - (-24 - (11 + -23)))?
-45
What is (57 - 103) + -102 - -55?
-93
What is -22 + 6 + (19 - 9) + (2 - -14)?
10
Calculate (-4 - 0) + -18 + (-3 - ((-8 - 6) + 10)).
-21
Calculate 124 + -1 + (110 - (-53 - -197)).
89
26 + (-72 + 107 - 37)
24
What is -102 + (-52 + 113 - 23)?
-64
Calculate 66 - ((0 - 3) + (-2 - -2) + 17).
52
Evaluate 3 + (-6 - -72) + (-611 - -645).
103
Evaluate -46 + (-1 - -4) + (-16 + 13 - 1 - -10).
-37
Calculate (-35 - (-58 + 33)) + 22.
12
What is the value of -25 + 3 + -3 + -12 - 29?
-66
Calculate -13 + 7 + 0 + 50 + 53 + -74 + 24.
47
What is the value of 589 + -576 - (-68 + 1 + -2) - 13?
69
What is the value of 70 + -101 + (5 - -3 - -4)?
-19
Evaluate -12 - (0 + 23 - 17) - -14.
-4
Evaluate 61 + -10 + -71 - -53.
33
What is the value of 27 - (121 - (30 - (33 + -10)))?
-87
Evaluate (21 - 67) + (-99 - -109).
-36
What is -2 + 9 + (15 - (-119 + 171))?
-30
Evaluate 809 + -779 - (-33 + 3 - -4).
56
Evaluate (-39 - 39) + 20 - -18.
-40
Evaluate (-48 - (54 + -111)) + 26.
35
Calculate (11 - ((41 - 13) + 3)) + 8 + 45 - -11.
44
What is the value of -225 - -148 - -74 - 44?
-47
Calculate (122 - 119) + 5 + -1 + -34 + -1.
-28
What is 60 + -20 + -22 + -61?
-43
Calculate -27 + (-10 - -8 - (-10 + 11)) + 1.
-29
Evaluate 74 + 54 + -153 - (1 - 46).
20
What is the value of (13 - 16 - -22) + -21 + -49?
-51
Calculate (-12 + 24 - 11) + 1 + 3.
5
What is 2 - 6 - (-1 - 2 - (28 - 36))?
-9
Calculate 0 + -8 + (9 - 24) + (-4 - (-2 + 40)).
-65
Calculate 43 + 14 - (-233 + 219).
71
What is the value of 53 - 12 - (-11 + -27) - 10?
69
What is the value of (42 + -98 - -64) + -3 + 2 + -39?
-32
Calculate 13 + (-14 - (-5 - (-8 - -20)) - (7 + -5)).
14
Evaluate 1 + 62 - (1222 - 1218).
59
What is -9 + 27 + (1 - 0) + 2 + 1929 + -1920?
30
What is the value of (-20 - (-14 - -35)) + -2 + -47?
-90
What is the value of 4 + 2 + (-1 - 1) + 3 + (-5437 - -5425)?
-5
What is 23 - ((7 - 28) + 68)?
-24
What is the value of 135 + -280 + (57 - -168)?
80
Calculate -2 + -10 - (-43 + 53 + 37 - 133).
74
86 + -47 + -28 - ((5 - 67) + 0 + -3)
76
What is the value of -14 - (-30 + (58 - 31))?
-11
(11 - (26 + -2)) + (0 + 1 - -16) - 52
-48
Evaluate 14 - ((55 - -8) + 9).
-58
Evaluate (7 - (-96 + -25 + 12)) + (3 - 1 - -3).
121
Evaluate (38 - -6) + -52 - -32.
24
Evaluate 54 + 77 - 19 - 39.
73
Calculate 1 + 128 + (-5926 - -5777).
-20
Evaluate (-14 + 36 - 13 - (13 + (-1 - -2))) + 5.
0
Calculate -24 + 17 + 1 + -18 - 7.
-31
Calculate -1 + -21 + (-1 + (-16 - -13) - (0 + 2)).
-28
What is the value of -28 + 14 + -37 - -62?
11
What is 37 + -6 + (-7 + 17 - ((-10 - -8) + -6))?
49
What is the value of -14 + 16 - (-1 + 5 + 2 + (19 - -8))?
-31
What is the value of 55 + 16 + 30 + -81?
20
What is the value of 43340 - 43444 - (2 - 2 - (10 + (-1 - -1)))?
-94
Calculate (1 - -19) + (552 - 583).
-11
17 - ((24 + -5 - 5) + 47)
-44